{"id":2197,"date":"2021-06-02T02:29:37","date_gmt":"2021-06-02T02:29:37","guid":{"rendered":"http:\/\/c2101370.ferozo.com\/?page_id=2197"},"modified":"2021-06-08T10:39:10","modified_gmt":"2021-06-08T10:39:10","slug":"aviso-legal","status":"publish","type":"page","link":"https:\/\/school.innovativefacilities.es\/2024\/aviso-legal\/","title":{"rendered":"Aviso legal"},"content":{"rendered":"<div class=\"fusion-fullwidth fullwidth-box fusion-builder-row-1 fusion-flex-container nonhundred-percent-fullwidth non-hundred-percent-height-scrolling\" style=\"--awb-border-radius-top-left:0px;--awb-border-radius-top-right:0px;--awb-border-radius-bottom-right:0px;--awb-border-radius-bottom-left:0px;\" ><div class=\"fusion-builder-row fusion-row fusion-flex-align-items-flex-start\" style=\"max-width:1040px;margin-left: calc(-4% \/ 2 );margin-right: calc(-4% \/ 2 );\"><div class=\"fusion-layout-column fusion_builder_column fusion-builder-column-0 fusion_builder_column_1_1 1_1 fusion-flex-column\" style=\"--awb-bg-size:cover;--awb-width-large:100%;--awb-margin-top-large:0px;--awb-spacing-right-large:1.92%;--awb-margin-bottom-large:0px;--awb-spacing-left-large:1.92%;--awb-width-medium:100%;--awb-spacing-right-medium:1.92%;--awb-spacing-left-medium:1.92%;--awb-width-small:100%;--awb-spacing-right-small:1.92%;--awb-spacing-left-small:1.92%;\"><div class=\"fusion-column-wrapper fusion-flex-justify-content-flex-start fusion-content-layout-column\"><div class=\"fusion-text fusion-text-1\"><p>El presente Aviso Legal y Condiciones Generales de Acceso y Utilizaci\u00f3n, en adelante en adelante \u201cAviso Legal\u201d, regulan el acceso, navegaci\u00f3n y uso de la web, www.innovativefacilities.es, en adelante la Web, cuya titularidad corresponde a SIENA EDUCACI\u00d3N S.A.<\/p>\n<p>El acceso y utilizaci\u00f3n de la Web le atribuyen la condici\u00f3n de Usuario, lo cual implica la adhesi\u00f3n al presente en adelante Aviso Legal, en la versi\u00f3n publicada en el momento en que se acceda al mismo. Si no estuviera de acuerdo con el mismo, deber\u00e1 abstenerse de acceder a la p\u00e1gina o de utilizar los servicios que se prestan a trav\u00e9s de ella.<\/p>\n<p>Si el Usuario es menor de edad, deber\u00e1 informar a sus padres o tutores sobre este Aviso Legal, la\u00a0<a href=\"https:\/\/school.innovativefacilities.es\/2024\/politica-de-privacidad\/\">Pol\u00edtica de Privacidad<\/a>\u00a0y la\u00a0<a href=\"https:\/\/school.innovativefacilities.es\/2024\/politica-de-cookies\/\">Pol\u00edtica de Cookies<\/a>. Son ellos quienes deben expresar la aceptaci\u00f3n de estas antes del uso de la Web o de los servicios de la misma.<\/p>\n<p>El presente Aviso Legal se rige por los principios de legalidad y de buena fe, comprometi\u00e9ndose el Usuario a utilizar el sitio web, as\u00ed como la informaci\u00f3n o servicios suministrados de conformidad con la Ley, la moral, las buenas costumbres y el orden p\u00fablico. La utilizaci\u00f3n no autorizada de la informaci\u00f3n contenida en esta web, su reventa, as\u00ed como la lesi\u00f3n de derechos de terceros, dar\u00e1n lugar a las responsabilidades legalmente establecidas.<\/p>\n<p>SIENA EDUCACI\u00d3N S.A. se reserva el derecho a modificar, en cualquier momento y sin previo aviso, la presentaci\u00f3n y configuraci\u00f3n de la Web, as\u00ed como el Aviso Legal de la misma. Por ello, SIENA EDUCACI\u00d3N S.A. recomienda al Usuario leer este Aviso Legal atentamente cada vez que acceda a la Web.<\/p>\n<p>Especialmente, le recomendamos que preste atenci\u00f3n y lea nuestras pol\u00edticas relacionadas con las Condiciones Generales de Contrataci\u00f3n, Pol\u00edtica de Privacidad y Pol\u00edtica de Cookies, sobre todo antes de efectuar compras o facilitarnos sus datos. El acceso a determinados Contenidos, Productos y\/o Servicios ofrecidos a trav\u00e9s de la Web puede encontrarse sometido a ciertas condiciones particulares propias que, seg\u00fan los casos, sustituyen, completan y\/o modifican este Aviso Legal. Por tanto, con anterioridad al acceso y\/o utilizaci\u00f3n de dichos Contenidos, Productos y\/o Servicios, el usuario ha de leer atentamente tambi\u00e9n las correspondientes condiciones particulares. En caso de existir discrepancia entre lo establecido en el presente Aviso Legal y las condiciones particulares de cada servicio espec\u00edfico, prevalecer\u00e1 lo dispuesto en \u00e9stas \u00faltimas.<\/p>\n<p>SIENA EDUCACI\u00d3N S.A. no se responsabiliza por el mal uso o apropiaci\u00f3n indebida de los contenidos o informaci\u00f3n publicada en la Web. El usuario reconoce y acepta que toda la informaci\u00f3n y\/o contenidos a los que acceda a trav\u00e9s de la Web lo es para su \u00fanico y exclusivo uso personal e intransferible. Queda prohibida la cesi\u00f3n a terceros de cualquier tipo y forma de toda o parte de la informaci\u00f3n y\/o contenidos a los que pueda tener acceso el usuario a trav\u00e9s de la Web.<\/p>\n<p>SIENA EDUCACI\u00d3N S.A. puede incluir foros, blogs y salas de chat donde el usuario pueda agregar sus observaciones y comentarios sobre temas espec\u00edficos. SIENA EDUCACI\u00d3N S.A. no garantiza que los otros miembros no utilizar\u00e1n las ideas e informaci\u00f3n compartida por cada usuario.<\/p>\n<p>SIENA EDUCACI\u00d3N S.A. no se responsabiliza por el mal uso o apropiaci\u00f3n indebida de los contenidos o informaci\u00f3n publicada en los foros, blogs y salas de chat, ni de las opiniones vertidas por los usuarios en dichos foros.<\/p>\n<p>En cumplimiento de lo establecido por el art\u00edculo 21 de la Ley de Servicios de la Sociedad de la Informaci\u00f3n, SIENA EDUCACI\u00d3N S.A. podr\u00e1 remitirle, por correo electr\u00f3nico o a trav\u00e9s de cualquier otro medio an\u00e1logo, informaci\u00f3n publicitaria relacionada con su actividad.<\/p>\n<p><strong>Usuarios Registrados<\/strong><\/p>\n<p>Alguno de los servicios ofrecidos a trav\u00e9s de la Web pueden estar reservados a los usuarios registrados en la misma. El usuario que desee registrarse en la Web deber\u00e1 cumplimentar el formulario de registro que encontrar\u00e1 en la propia Web.<\/p>\n<p>SIENA EDUCACI\u00d3N S.A. se compromete a tratar y procesar todos los datos de los usuarios registrados de conformidad con la Pol\u00edtica de Privacidad.<\/p>\n<p>El usuario se compromete a facilitar datos veraces, exactos y completos, as\u00ed como de actualizar todos los datos facilitados para que \u00e9stos sigan siendo veraces, exactos y completos.<\/p>\n<p>Realizado el registro, se le proporcionar\u00e1n las claves de acceso a la Web, comprometi\u00e9ndose el usuario a custodiarlas y usarlas de manera diligente, as\u00ed como a comunicar de forma inmediata a SIENA EDUCACI\u00d3N S.A. cualquier hecho, tales como robo, extrav\u00edo o acceso no autorizado, que permita el uso indebido de las mismas, con el fin de proceder a su inmediata cancelaci\u00f3n. SIENA EDUCACI\u00d3N S.A. no ser\u00e1 responsable de las consecuencias derivadas del uso indebido de las claves de acceso.<\/p>\n<p>Las contrase\u00f1as de cada usuario son personales y no deben ser utilizadas por terceros no permiti\u00e9ndose que otros la utilicen bajo el riesgo de que exista suplantaci\u00f3n de la identidad.<\/p>\n<p>El proceso de registro de los usuarios se considera una formalizaci\u00f3n de un contrato jur\u00eddicamente vinculante entre SIENA EDUCACI\u00d3N S.A. y el usuario, de conformidad con los t\u00e9rminos de este Aviso Legal y las condiciones de registro incluidas en el mismo.<\/p>\n<p>El usuario registrado reconoce que ha le\u00eddo y comprendido los t\u00e9rminos y condiciones de estas Condiciones de registro y que acepta cumplir todas sus disposiciones. Igualmente reconoce que ha le\u00eddo y aceptado la Pol\u00edtica de Privacidad.<\/p>\n<p><strong>Derechos de Propiedad Intelectual e Industrial<\/strong><\/p>\n<p>SIENA EDUCACI\u00d3N S.A. es la \u00fanica y exclusiva titular de los derechos de propiedad intelectual e industrial sobre las marcas, im\u00e1genes, textos, dise\u00f1os, animaciones, programaci\u00f3n y dise\u00f1o de la web o cualquier otro contenido o elementos de la Web, o, en su caso, dispone de los permisos o licencias necesarias para su utilizaci\u00f3n. El Usuario reconoce y acepta que el acceso y\/o descarga de cualquier contenido y\/o elemento que se encuentre a su disposici\u00f3n a trav\u00e9s de la Web es para su uso personal e intransferible. Cualquier acto de reproducci\u00f3n, distribuci\u00f3n, comunicaci\u00f3n p\u00fablica, puesta a disposici\u00f3n, o transformaci\u00f3n, as\u00ed como cualquier otra forma de explotaci\u00f3n de todo o parte de dichos contenidos o elementos, realizado bajo cualquier forma o mediante cualquier medio, requerir\u00e1 el consentimiento previo y por escrito de SIENA EDUCACI\u00d3N S.A., o en su caso, de su titular.<\/p>\n<p>Asimismo, todos los signos distintivos que aparecen en el sitio web o son titularidad de SIENA EDUCACI\u00d3N S.A. o cuenta con las correspondientes licencias, y se encuentran debidamente registrados, quedando prohibida su reproducci\u00f3n o distribuci\u00f3n bajo cualquier medio, sin la debida, previa y expresa autorizaci\u00f3n de su titular.<\/p>\n<p>El acceso y navegaci\u00f3n por la Web en ning\u00fan caso se entender\u00e1 como una renuncia, transmisi\u00f3n, licencia o cesi\u00f3n total ni parcial de los derechos antes indicados por parte de SIENA EDUCACI\u00d3N S.A. o, en su caso, del titular de los derechos al que correspondan.<\/p>\n<p><strong>Links<\/strong><\/p>\n<p>SIENA EDUCACI\u00d3N S.A. podr\u00e1 incluir hiperv\u00ednculos en esta p\u00e1gina web a otras p\u00e1ginas web o recursos gestionados por terceras partes que no sean de SIENA EDUCACI\u00d3N S.A., incluidos anunciantes. SIENA EDUCACI\u00d3N S.A. no ha revisado todas las p\u00e1ginas web vinculadas a esta p\u00e1gina web y no se hace responsable del contenido o veracidad de estas p\u00e1ginas web externas ni tampoco de la disponibilidad de dichas p\u00e1ginas web o recursos externos; y no aprueba ni se responsabiliza, de forma directa o indirecta, de las pr\u00e1cticas de privacidad o del contenido de estas p\u00e1ginas web, incluyendo (sin restricciones) cualquier publicidad, producto u otros materiales o servicios de la p\u00e1gina web o disponibles en dichas p\u00e1ginas web o recursos, ni por da\u00f1os, p\u00e9rdidas o infracciones causados, o presuntamente causados, por el uso, o en relaci\u00f3n con el uso o dependientes de dicho contenido, bienes o servicios disponibles en dichas p\u00e1ginas web o recursos externos.<\/p>\n<p><strong>Pol\u00edtica de privacidad y Cookies<\/strong><\/p>\n<p>Para saber m\u00e1s sobre nuestras Pol\u00edticas de Privacidad y Cookies accede a nuestra <a href=\"https:\/\/school.innovativefacilities.es\/2024\/politica-de-privacidad\/\">Pol\u00edtica de Privacidad<\/a> y\/o a nuestra <a href=\"https:\/\/school.innovativefacilities.es\/2024\/politica-de-cookies\/\">Pol\u00edtica de Cookies<\/a>.<\/p>\n<p><strong>Exenci\u00f3n de responsabilidad<\/strong><\/p>\n<p>SIENA EDUCACI\u00d3N S.A. ha adoptado las medidas necesarias para asegurar el correcto funcionamiento de la Web. No obstante, SIENA EDUCACI\u00d3N S.A. no ser\u00e1 responsable de falta de disponibilidad de la Web en un momento determinado, ya sea por causas t\u00e9cnicas, tareas de mantenimiento del sistema, interferencias, interrupciones de los suministradores del servicio Internet o por cualquier otra causa o fallos que se produjeran en el acceso, funcionamiento y operatividad de la web o en sus servicios, as\u00ed como tampoco de las interrupciones, suspensiones o el mal funcionamiento del mismo por causas ajenas a SIENA EDUCACI\u00d3N S.A..<\/p>\n<p>SIENA EDUCACI\u00d3N S.A. no ser\u00e1 responsable por los da\u00f1os y perjuicios de toda naturaleza que puedan deberse a la falta de disponibilidad o de continuidad del funcionamiento de la Web, a la defraudaci\u00f3n de la utilidad que los usuarios hubieren podido atribuir a la Web, a la falibilidad de la Web, y en particular, aunque no de modo exclusivo, a los fallos en el acceso a las distintas p\u00e1ginas de la Web o a aquellas desde las que se presta el servicio.<\/p>\n<p>SIENA EDUCACI\u00d3N S.A. no controla ni garantiza la ausencia de virus ni de otros elementos en la Web y\/o sus contenidos que puedan producir alteraciones en su sistema inform\u00e1tico (software y hardware) o en los documentos electr\u00f3nicos y ficheros almacenados en su sistema inform\u00e1tico; SIENA EDUCACI\u00d3N S.A. no asumir\u00e1 responsabilidad alguna por los da\u00f1os y perjuicios de toda naturaleza que puedan deberse a la presencia de virus o a la presencia de otros elementos en los contenidos que puedan producir alteraciones en el sistema inform\u00e1tico, documentos electr\u00f3nicos o ficheros de los Usuarios.<\/p>\n<p>SIENA EDUCACI\u00d3N S.A. no garantiza que el contenido de la Web est\u00e9 actualizado, sea completo y exacto o que el contenido no contenga defectos, errores y\/o virus. En ning\u00fan caso SIENA EDUCACI\u00d3N S.A., ser\u00e1 responsable de la producci\u00f3n de cualquier tipo de da\u00f1o que los Usuarios o terceros pudiesen ocasionar en el sitio web.<\/p>\n<p>SIENA EDUCACI\u00d3N S.A. no se hace responsable de los contenidos ni de la veracidad y\/o calidad de la informaci\u00f3n vertida por sus colaboradores, clientes y\/o usuarios, ni de la efectividad y\/o calidad del uso que hagan dichos colaboradores clientes y\/o usuarios de la Web y la informaci\u00f3n en ella contenida. SIENA EDUCACI\u00d3N S.A. no se hace responsable de las aportaciones, opiniones, juicios, comentarios o contenidos aportados por colaboradores, clientes y\/o usuarios a trav\u00e9s de cualquiera de los mecanismos puestos a disposici\u00f3n, como a t\u00edtulo ilustrativo redes sociales, que infrinjan la normativa vigente y\/o lesione derechos de terceros, ni comparte necesariamente las opiniones y contenidos aportados por sus colaboradores, clientes y\/o usuarios. La responsabilidad legal corresponder\u00e1 al colaborador, cliente y\/o usuario que realice la infracci\u00f3n.<\/p>\n<p>SIENA EDUCACI\u00d3N S.A. excluye con toda la extensi\u00f3n permitida por el ordenamiento jur\u00eddico, cualquier responsabilidad por los da\u00f1os y perjuicios de toda naturaleza que pudieran deberse al acceso a la Web por personas no autorizadas, al conocimiento que puedan tener terceros no autorizados de la clase, condiciones, caracter\u00edsticas y circunstancias del uso que los usuarios hacen de la Web; a la transmisi\u00f3n, difusi\u00f3n, almacenamiento, puesta a disposici\u00f3n, recepci\u00f3n, obtenci\u00f3n o acceso a los contenidos, y en particular, aunque no de modo exclusivo, por los da\u00f1os y perjuicios que puedan deberse a:<\/p>\n<ul>\n<li>(I) el incumplimiento de la ley, la moral y las buenas costumbres generalmente aceptadas o el orden p\u00fablico como consecuencia de la transmisi\u00f3n, difusi\u00f3n, almacenamiento, puesta a disposici\u00f3n, recepci\u00f3n, obtenci\u00f3n o acceso a la Web y\/o sus contenidos;<\/li>\n<li>(II) la infracci\u00f3n de los derechos de propiedad intelectual e industrial, de los secretos empresariales, de compromisos contractuales de cualquier clase, de los derechos al honor, a la intimidad personal y familiar y a la imagen de las personas, de los derechos de propiedad y de toda otra naturaleza pertenecientes a un tercero como consecuencia de la transmisi\u00f3n, difusi\u00f3n, almacenamiento, puesta a disposici\u00f3n, recepci\u00f3n, obtenci\u00f3n o acceso a la Web y\/o sus contenidos;<\/li>\n<li>(III) la realizaci\u00f3n de actos de competencia desleal y publicidad il\u00edcita como consecuencia de la transmisi\u00f3n, difusi\u00f3n, almacenamiento, puesta a disposici\u00f3n, recepci\u00f3n, obtenci\u00f3n o acceso a la Web y\/o sus contenidos;<\/li>\n<li>(IV) la falta de veracidad, exactitud, exhaustividad, pertinencia y\/o actualidad de la Web y\/o sus contenidos;<\/li>\n<li>(V) la inadecuaci\u00f3n para cualquier clase de prop\u00f3sito y la defraudaci\u00f3n de las expectativas generadas por la Web y\/o sus contenidos;<\/li>\n<li>(VI) el incumplimiento, retraso en el cumplimiento, cumplimiento defectuoso o terminaci\u00f3n por cualquier causa de las obligaciones contra\u00eddas por terceros y contratos realizados con terceros a trav\u00e9s de o con motivo del acceso a la Web y\/o sus contenidos;<\/li>\n<li>(VII) los vicios y defectos de toda clase de los contenidos transmitidos, difundidos, almacenados, puestos a disposici\u00f3n o de otra forma transmitidos o puestos a disposici\u00f3n, recibidos, obtenidos o a los que se haya accedido a trav\u00e9s de la Web y\/o sus contenidos.<\/li>\n<\/ul>\n<p>Queda prohibido el uso de expresiones incorrectas, denigrantes, difamatorias o insultantes tanto contra SIENA EDUCACI\u00d3N S.A., como contra otros Usuarios y\/o terceros. SIENA EDUCACI\u00d3N S.A. se reserva el derecho a retirar las opiniones, juicios, comentarios o contenidos expuestos por los Usuarios que infrinjan la normativa vigente y\/o lesione derechos de terceros y\/o incorporen expresiones incorrectas, denigrantes, difamatorias o insultantes.<\/p>\n<p>SIENA EDUCACI\u00d3N S.A. se reserva el derecho a usar, reproducir, modificar, traducir, transmitir o distribuir cualquier informaci\u00f3n, opini\u00f3n, comentario y\/o contenido proporcionado por el Usuario a trav\u00e9s de la Web, para cualquier posible uso de los mismos, incluido su uso comercial.<\/p>\n<p><strong>Ley aplicable y Jurisdicci\u00f3n<\/strong><\/p>\n<p>El presente Aviso Legal se rige por la legislaci\u00f3n espa\u00f1ola. Siempre que el usuario no sea \u201cconsumidor o usuario\u201d conforme los define la normativa espa\u00f1ola, y salvo que la Ley que resulte aplicable disponga obligatoriamente otra cosa, las partes acuerdan someterse a los Juzgados y Tribunales de Madrid con renuncia expresa de las partes a cualquier otro fuero.<\/p>\n<\/div><\/div><\/div><\/div><\/div>\n","protected":false},"excerpt":{"rendered":"","protected":false},"author":1,"featured_media":0,"parent":0,"menu_order":0,"comment_status":"closed","ping_status":"closed","template":"","meta":{"footnotes":""},"class_list":["post-2197","page","type-page","status-publish","hentry"],"_links":{"self":[{"href":"https:\/\/school.innovativefacilities.es\/2024\/wp-json\/wp\/v2\/pages\/2197","targetHints":{"allow":["GET"]}}],"collection":[{"href":"https:\/\/school.innovativefacilities.es\/2024\/wp-json\/wp\/v2\/pages"}],"about":[{"href":"https:\/\/school.innovativefacilities.es\/2024\/wp-json\/wp\/v2\/types\/page"}],"author":[{"embeddable":true,"href":"https:\/\/school.innovativefacilities.es\/2024\/wp-json\/wp\/v2\/users\/1"}],"replies":[{"embeddable":true,"href":"https:\/\/school.innovativefacilities.es\/2024\/wp-json\/wp\/v2\/comments?post=2197"}],"version-history":[{"count":0,"href":"https:\/\/school.innovativefacilities.es\/2024\/wp-json\/wp\/v2\/pages\/2197\/revisions"}],"wp:attachment":[{"href":"https:\/\/school.innovativefacilities.es\/2024\/wp-json\/wp\/v2\/media?parent=2197"}],"curies":[{"name":"wp","href":"https:\/\/api.w.org\/{rel}","templated":true}]}}